{"id":2839,"date":"2016-04-11T12:36:55","date_gmt":"2016-04-11T10:36:55","guid":{"rendered":"http:\/\/amaplabergerie.org\/?page_id=2839"},"modified":"2017-06-01T20:41:22","modified_gmt":"2017-06-01T18:41:22","slug":"2839-2","status":"publish","type":"page","link":"https:\/\/amaplabergerie.org\/?page_id=2839","title":{"rendered":"Chez Katie et J\u00e9r\u00f4me"},"content":{"rendered":"<p>Katie et J\u00e9r\u00f4me Chico, nos producteurs, se sont install\u00e9s en mara\u00eechage en 2011.<\/p>\n<p>Leur ferme biologique est situ\u00e9e \u00e0 St Urcisse dans le tarn entre Montauban et Gaillac dans le Tarn (81). Vous d\u00e9couvrirez leur environnement et leurs projets sur leur site : <a title=\"Les jardins du Tescou\" href=\"http:\/\/www.lesjardinsdutescou.com\/\" target=\"_blank\">Les jardins du Tescou<\/a><\/p>\n<p><a style=\"color: #ff4b33; line-height: 24px; font-size: 16px;\" href=\"http:\/\/amaplabergerie.org\/wp-content\/uploads\/2016\/04\/les_jardins_du_Tescou.png\"><img decoding=\"async\" loading=\"lazy\" class=\"aligncenter size-full wp-image-2846\" alt=\"les_jardins_du_Tescou\" src=\"http:\/\/amaplabergerie.org\/wp-content\/uploads\/2016\/04\/les_jardins_du_Tescou.png\" width=\"284\" height=\"278\" \/><\/a><\/p>\n<p>Ils ont livr\u00e9 des paniers de l\u00e9gumes \u00e0 l&rsquo;AMAP La Bergerie en 2016.<\/p>\n","protected":false},"excerpt":{"rendered":"<p>Katie et J\u00e9r\u00f4me Chico, nos producteurs, se sont install\u00e9s en mara\u00eechage en 2011. Leur ferme biologique est situ\u00e9e \u00e0 St Urcisse dans le tarn entre Montauban et Gaillac dans le Tarn (81). Vous d\u00e9couvrirez leur environnement et leurs projets sur &hellip; <a href=\"https:\/\/amaplabergerie.org\/?page_id=2839\">Continuer la lecture <span class=\"meta-nav\">&rarr;<\/span><\/a><\/p>\n","protected":false},"author":4,"featured_media":0,"parent":9,"menu_order":0,"comment_status":"closed","ping_status":"closed","template":"","meta":{"_bbp_topic_count":0,"_bbp_reply_count":0,"_bbp_total_topic_count":0,"_bbp_total_reply_count":0,"_bbp_voice_count":0,"_bbp_anonymous_reply_count":0,"_bbp_topic_count_hidden":0,"_bbp_reply_count_hidden":0,"_bbp_forum_subforum_count":0},"_links":{"self":[{"href":"https:\/\/amaplabergerie.org\/index.php?rest_route=\/wp\/v2\/pages\/2839"}],"collection":[{"href":"https:\/\/amaplabergerie.org\/index.php?rest_route=\/wp\/v2\/pages"}],"about":[{"href":"https:\/\/amaplabergerie.org\/index.php?rest_route=\/wp\/v2\/types\/page"}],"author":[{"embeddable":true,"href":"https:\/\/amaplabergerie.org\/index.php?rest_route=\/wp\/v2\/users\/4"}],"replies":[{"embeddable":true,"href":"https:\/\/amaplabergerie.org\/index.php?rest_route=%2Fwp%2Fv2%2Fcomments&post=2839"}],"version-history":[{"count":9,"href":"https:\/\/amaplabergerie.org\/index.php?rest_route=\/wp\/v2\/pages\/2839\/revisions"}],"predecessor-version":[{"id":3399,"href":"https:\/\/amaplabergerie.org\/index.php?rest_route=\/wp\/v2\/pages\/2839\/revisions\/3399"}],"up":[{"embeddable":true,"href":"https:\/\/amaplabergerie.org\/index.php?rest_route=\/wp\/v2\/pages\/9"}],"wp:attachment":[{"href":"https:\/\/amaplabergerie.org\/index.php?rest_route=%2Fwp%2Fv2%2Fmedia&parent=2839"}],"curies":[{"name":"wp","href":"https:\/\/api.w.org\/{rel}","templated":true}]}}