{"id":30,"date":"2011-05-07T09:43:33","date_gmt":"2011-05-07T09:43:33","guid":{"rendered":"http:\/\/amaplabergerie.wordpress.com\/?page_id=30"},"modified":"2020-05-03T18:31:17","modified_gmt":"2020-05-03T16:31:17","slug":"amap-la-bergerie","status":"publish","type":"page","link":"https:\/\/amaplabergerie.org\/?page_id=30","title":{"rendered":"AMAP La Bergerie"},"content":{"rendered":"<p><strong>L\u2019AMAP de Lauzerville fait partie du r\u00e9seau des AMAP Midi-Pyr\u00e9n\u00e9es.<br \/>\n<\/strong><\/p>\n<pre><span style=\"color: #666699;\"><strong>AMAP : <span style=\"text-decoration: underline;\">A<\/span>ssociation pour le <span style=\"text-decoration: underline;\">M<\/span>aintien d\u2019une <span style=\"text-decoration: underline;\">A<\/span>griculture <span style=\"text-decoration: underline;\">P<\/span>aysanne<\/strong><\/span><\/pre>\n<p>Notre philosophie : rendre paysans et mangeurs solidaires, \u0153uvrer pour une agriculture paysanne locale dont la vocation est de nourrir les hommes, dans le respect de l&rsquo;environnement et des ressources naturelles.<br \/>\nExercer le droit de choisir ceux qui nous nourrissent, c&rsquo;est maintenir et r\u00e9-installer des petits producteurs.<\/p>\n<p><strong>Rejoindre une AMAP c&rsquo;est :<\/strong><\/p>\n<ul>\n<li>Assurer au paysan un revenu r\u00e9gulier.<\/li>\n<li>Partager avec lui les al\u00e9as climatiques, les hauts et les bas des r\u00e9coltes.<\/li>\n<li>Apprendre \u00e0 se nourrir au fil des saisons et renouer avec les cycles naturels des plantes et des animaux.<\/li>\n<li>Contribuer \u00e0 sauvegarder l&rsquo;environnement\u00a0:\n<ul>\n<li>pas d\u2019engrais ou de pesticides,<\/li>\n<li>pas de gaspillage, car toute la r\u00e9colte est distribu\u00e9e<\/li>\n<li>limitation des emballages,<\/li>\n<li>production locale donc limitation des transports, \u2026<\/li>\n<\/ul>\n<\/li>\n<\/ul>\n","protected":false},"excerpt":{"rendered":"<p>L\u2019AMAP de Lauzerville fait partie du r\u00e9seau des AMAP Midi-Pyr\u00e9n\u00e9es. AMAP : Association pour le Maintien d\u2019une Agriculture Paysanne Notre philosophie : rendre paysans et mangeurs solidaires, \u0153uvrer pour une agriculture paysanne locale dont la vocation est de nourrir les &hellip; <a href=\"https:\/\/amaplabergerie.org\/?page_id=30\">Continuer la lecture <span class=\"meta-nav\">&rarr;<\/span><\/a><\/p>\n","protected":false},"author":2,"featured_media":0,"parent":0,"menu_order":1,"comment_status":"closed","ping_status":"closed","template":"","meta":{"_bbp_topic_count":0,"_bbp_reply_count":0,"_bbp_total_topic_count":0,"_bbp_total_reply_count":0,"_bbp_voice_count":0,"_bbp_anonymous_reply_count":0,"_bbp_topic_count_hidden":0,"_bbp_reply_count_hidden":0,"_bbp_forum_subforum_count":0},"_links":{"self":[{"href":"https:\/\/amaplabergerie.org\/index.php?rest_route=\/wp\/v2\/pages\/30"}],"collection":[{"href":"https:\/\/amaplabergerie.org\/index.php?rest_route=\/wp\/v2\/pages"}],"about":[{"href":"https:\/\/amaplabergerie.org\/index.php?rest_route=\/wp\/v2\/types\/page"}],"author":[{"embeddable":true,"href":"https:\/\/amaplabergerie.org\/index.php?rest_route=\/wp\/v2\/users\/2"}],"replies":[{"embeddable":true,"href":"https:\/\/amaplabergerie.org\/index.php?rest_route=%2Fwp%2Fv2%2Fcomments&post=30"}],"version-history":[{"count":3,"href":"https:\/\/amaplabergerie.org\/index.php?rest_route=\/wp\/v2\/pages\/30\/revisions"}],"predecessor-version":[{"id":4185,"href":"https:\/\/amaplabergerie.org\/index.php?rest_route=\/wp\/v2\/pages\/30\/revisions\/4185"}],"wp:attachment":[{"href":"https:\/\/amaplabergerie.org\/index.php?rest_route=%2Fwp%2Fv2%2Fmedia&parent=30"}],"curies":[{"name":"wp","href":"https:\/\/api.w.org\/{rel}","templated":true}]}}

<p><strong>L’AMAP de Lauzerville fait partie du réseau des AMAP Midi-Pyrénées.<br />
</strong></p>
<pre><span style="color: #666699;"><strong>AMAP : <span style="text-decoration: underline;">A</span>ssociation pour le <span style="text-decoration: underline;">M</span>aintien d’une <span style="text-decoration: underline;">A</span>griculture <span style="text-decoration: underline;">P</span>aysanne</strong></span></pre>
<p>Notre philosophie : rendre paysans et mangeurs solidaires, œuvrer pour une agriculture paysanne locale dont la vocation est de nourrir les hommes, dans le respect de l&rsquo;environnement et des ressources naturelles.<br />
Exercer le droit de choisir ceux qui nous nourrissent, c&rsquo;est maintenir et ré-installer des petits producteurs.</p>
<p><strong>Rejoindre une AMAP c&rsquo;est :</strong></p>
<ul>
<li>Assurer au paysan un revenu régulier.</li>
<li>Partager avec lui les aléas climatiques, les hauts et les bas des récoltes.</li>
<li>Apprendre à se nourrir au fil des saisons et renouer avec les cycles naturels des plantes et des animaux.</li>
<li>Contribuer à sauvegarder l&rsquo;environnement :
<ul>
<li>pas d’engrais ou de pesticides,</li>
<li>pas de gaspillage, car toute la récolte est distribuée</li>
<li>limitation des emballages,</li>
<li>production locale donc limitation des transports, …</li>
</ul>
</li>
</ul>

<p>L’AMAP de Lauzerville fait partie du réseau des AMAP Midi-Pyrénées. AMAP : Association pour le Maintien d’une Agriculture Paysanne Notre philosophie : rendre paysans et mangeurs solidaires, œuvrer pour une agriculture paysanne locale dont la vocation est de nourrir les &hellip; <a href="https://amaplabergerie.org/?page_id=30">Continuer la lecture <span class="meta-nav">&rarr;</span></a></p>
