{"id":3142,"date":"2017-04-14T13:31:35","date_gmt":"2017-04-14T11:31:35","guid":{"rendered":"http:\/\/amaplabergerie.org\/?page_id=3142"},"modified":"2019-06-30T19:43:23","modified_gmt":"2019-06-30T17:43:23","slug":"chez-christophe-geraldine-et-lionel","status":"publish","type":"page","link":"https:\/\/amaplabergerie.org\/?page_id=3142","title":{"rendered":"Chez Christophe, G\u00e9raldine et Lionel"},"content":{"rendered":"<p>Le GAEC de Montredon est un GAEC familial \u00e0 3 : G\u00e9raldine, Lionel, son fr\u00e8re et Christophe.<br \/>\nL&rsquo;exploitation de 80 ha est en bio depuis 1997, elle se situe \u00e0 St Martin des Faux, Aveyron.<br \/>\n<a href=\"http:\/\/amaplabergerie.org\/wp-content\/uploads\/2016\/06\/IMG_2671_red.jpg\"><img decoding=\"async\" loading=\"lazy\" class=\"alignright size-medium wp-image-2979\" alt=\"IMG_2671_red\" src=\"http:\/\/amaplabergerie.org\/wp-content\/uploads\/2016\/06\/IMG_2671_red-300x225.jpg\" width=\"300\" height=\"225\" srcset=\"https:\/\/amaplabergerie.org\/wp-content\/uploads\/2016\/06\/IMG_2671_red-300x225.jpg 300w, https:\/\/amaplabergerie.org\/wp-content\/uploads\/2016\/06\/IMG_2671_red-600x450.jpg 600w, https:\/\/amaplabergerie.org\/wp-content\/uploads\/2016\/06\/IMG_2671_red.jpg 1024w\" sizes=\"(max-width: 300px) 100vw, 300px\" \/><\/a><br \/>\n\u00ab\u00a0Nous sommes producteurs de bovins viande et porc plein air (une partie est distribu\u00e9e en colis aux particuliers, le reste part \u00e0 un regroupement d\u2019acheteurs pour les cantines scolaires bio).<br \/>\nNous produisons \u00e9galement les c\u00e9r\u00e9ales pour les animaux (nous sommes auto-suffisants en c\u00e9r\u00e9ales et fourrages).<\/p>\n<p style=\"text-align: left;\">Nous faisons \u00e9galement entre 3 et 4 ha de pommes de terre par an que nous distribuons aux particuliers, dans les magasins bio d\u2019Albi, Lavaur et le Grand Toulouse ainsi que dans les centrales d\u2019achat (Sorgues, Perpignan, Carpentras, Saint Jean de V\u00e9das\u2026)<\/p>\n<p style=\"text-align: left;\"><a href=\"http:\/\/amaplabergerie.org\/wp-content\/uploads\/2017\/04\/jardin_plantes_m\u00e9dicinales.jpg\"><img decoding=\"async\" loading=\"lazy\" class=\"size-full wp-image-3307 alignright\" title=\"Le jardin de plantes m\u00e9dicinales de La F\u00e9e aux Herbes\" alt=\"Le jardin de plantes m\u00e9dicinales de La F\u00e9e aux Herbes\" src=\"http:\/\/amaplabergerie.org\/wp-content\/uploads\/2017\/04\/jardin_plantes_m\u00e9dicinales.jpg\" width=\"259\" height=\"194\" \/><\/a>Nous avons \u00e9galement un atelier de plantes m\u00e9dicinales avec une gamme de concentr\u00e9s de plantes, cosm\u00e9tiques naturels, \u00e9lixirs floraux\u2026<br \/>\nNous les diffusons par le biais de salon sant\u00e9 nature, quelques revendeurs et une bonne partie via notre site web : <a title=\"La f\u00e9e aux herbes\" href=\"http:\/\/www.lafeeauxherbes.fr\/\" target=\"_blank\">la f\u00e9e aux herbes<\/a>\u00ab\u00a0<\/p>\n<p style=\"text-align: center;\">\n","protected":false},"excerpt":{"rendered":"<p>Le GAEC de Montredon est un GAEC familial \u00e0 3 : G\u00e9raldine, Lionel, son fr\u00e8re et Christophe. L&rsquo;exploitation de 80 ha est en bio depuis 1997, elle se situe \u00e0 St Martin des Faux, Aveyron. \u00ab\u00a0Nous sommes producteurs de bovins &hellip; <a href=\"https:\/\/amaplabergerie.org\/?page_id=3142\">Continuer la lecture <span class=\"meta-nav\">&rarr;<\/span><\/a><\/p>\n","protected":false},"author":4,"featured_media":0,"parent":9,"menu_order":0,"comment_status":"closed","ping_status":"closed","template":"","meta":{"_bbp_topic_count":0,"_bbp_reply_count":0,"_bbp_total_topic_count":0,"_bbp_total_reply_count":0,"_bbp_voice_count":0,"_bbp_anonymous_reply_count":0,"_bbp_topic_count_hidden":0,"_bbp_reply_count_hidden":0,"_bbp_forum_subforum_count":0},"_links":{"self":[{"href":"https:\/\/amaplabergerie.org\/index.php?rest_route=\/wp\/v2\/pages\/3142"}],"collection":[{"href":"https:\/\/amaplabergerie.org\/index.php?rest_route=\/wp\/v2\/pages"}],"about":[{"href":"https:\/\/amaplabergerie.org\/index.php?rest_route=\/wp\/v2\/types\/page"}],"author":[{"embeddable":true,"href":"https:\/\/amaplabergerie.org\/index.php?rest_route=\/wp\/v2\/users\/4"}],"replies":[{"embeddable":true,"href":"https:\/\/amaplabergerie.org\/index.php?rest_route=%2Fwp%2Fv2%2Fcomments&post=3142"}],"version-history":[{"count":15,"href":"https:\/\/amaplabergerie.org\/index.php?rest_route=\/wp\/v2\/pages\/3142\/revisions"}],"predecessor-version":[{"id":3144,"href":"https:\/\/amaplabergerie.org\/index.php?rest_route=\/wp\/v2\/pages\/3142\/revisions\/3144"}],"up":[{"embeddable":true,"href":"https:\/\/amaplabergerie.org\/index.php?rest_route=\/wp\/v2\/pages\/9"}],"wp:attachment":[{"href":"https:\/\/amaplabergerie.org\/index.php?rest_route=%2Fwp%2Fv2%2Fmedia&parent=3142"}],"curies":[{"name":"wp","href":"https:\/\/api.w.org\/{rel}","templated":true}]}}