{"id":32,"date":"2011-05-07T09:44:06","date_gmt":"2011-05-07T09:44:06","guid":{"rendered":"http:\/\/amaplabergerie.wordpress.com\/?page_id=32"},"modified":"2016-04-11T12:21:06","modified_gmt":"2016-04-11T10:21:06","slug":"histoire","status":"publish","type":"page","link":"https:\/\/amaplabergerie.org\/?page_id=32","title":{"rendered":"Histoire"},"content":{"rendered":"<p><strong>Les AMAP, ce n&rsquo;est pas nouveau&#8230;<\/strong><\/p>\n<p>&nbsp;<\/p>\n<p>Il y a plus de 40 ans, au Japon, naissait le premier \u00ab\u00a0Teikei\u00a0\u00bb, traduisez \u00ab\u00a0mettre le visage du fermier sur la nourriture\u00a0\u00bb.<\/p>\n<p>Depuis, ce type de partenariat producteur\/consommateurs s&rsquo;est \u00e9tendu \u00e0 de nombreux pays.<\/p>\n<p>En France, la premi\u00e8re AMAP est n\u00e9e en 2001, \u00e0 Aubagne. Depuis de nombreuses AMP ont \u00e9t\u00e9 cr\u00e9\u00e9es par des groupes de citoyens.<\/p>\n<p>En 2003, les premi\u00e8res AMAP naissaient en Midi-Pyr\u00e9n\u00e9es.<\/p>\n<p><strong>2006 : une AMAP \u00e0 Lauzerville<\/strong><\/p>\n<p>N\u00e9e en 2006, l\u2019AMAP La Bergerie regroupe des citoyens mangeurs qui se sont organis\u00e9s b\u00e9n\u00e9volement en association.<\/p>\n<p>Patrice De Saint Sernin et Marion Hermet sont devenus nos producteurs en 2009.<br \/>\nNotre AMAP a d\u00e9marr\u00e9 avec 16 paniers, en 2011 elle compte 29 paniers et regroupe 44 familles de Lauzerville et des villages environnants (Auzielle, Pr\u00e9serville, Aigrefeuille, Lanta&#8230;) mais aussi St-Orens et Toulouse.<\/p>\n","protected":false},"excerpt":{"rendered":"<p>Les AMAP, ce n&rsquo;est pas nouveau&#8230; &nbsp; Il y a plus de 40 ans, au Japon, naissait le premier \u00ab\u00a0Teikei\u00a0\u00bb, traduisez \u00ab\u00a0mettre le visage du fermier sur la nourriture\u00a0\u00bb. Depuis, ce type de partenariat producteur\/consommateurs s&rsquo;est \u00e9tendu \u00e0 de nombreux &hellip; <a href=\"https:\/\/amaplabergerie.org\/?page_id=32\">Continuer la lecture <span class=\"meta-nav\">&rarr;<\/span><\/a><\/p>\n","protected":false},"author":2,"featured_media":0,"parent":30,"menu_order":0,"comment_status":"closed","ping_status":"closed","template":"","meta":{"_bbp_topic_count":0,"_bbp_reply_count":0,"_bbp_total_topic_count":0,"_bbp_total_reply_count":0,"_bbp_voice_count":0,"_bbp_anonymous_reply_count":0,"_bbp_topic_count_hidden":0,"_bbp_reply_count_hidden":0,"_bbp_forum_subforum_count":0},"_links":{"self":[{"href":"https:\/\/amaplabergerie.org\/index.php?rest_route=\/wp\/v2\/pages\/32"}],"collection":[{"href":"https:\/\/amaplabergerie.org\/index.php?rest_route=\/wp\/v2\/pages"}],"about":[{"href":"https:\/\/amaplabergerie.org\/index.php?rest_route=\/wp\/v2\/types\/page"}],"author":[{"embeddable":true,"href":"https:\/\/amaplabergerie.org\/index.php?rest_route=\/wp\/v2\/users\/2"}],"replies":[{"embeddable":true,"href":"https:\/\/amaplabergerie.org\/index.php?rest_route=%2Fwp%2Fv2%2Fcomments&post=32"}],"version-history":[{"count":4,"href":"https:\/\/amaplabergerie.org\/index.php?rest_route=\/wp\/v2\/pages\/32\/revisions"}],"predecessor-version":[{"id":2837,"href":"https:\/\/amaplabergerie.org\/index.php?rest_route=\/wp\/v2\/pages\/32\/revisions\/2837"}],"up":[{"embeddable":true,"href":"https:\/\/amaplabergerie.org\/index.php?rest_route=\/wp\/v2\/pages\/30"}],"wp:attachment":[{"href":"https:\/\/amaplabergerie.org\/index.php?rest_route=%2Fwp%2Fv2%2Fmedia&parent=32"}],"curies":[{"name":"wp","href":"https:\/\/api.w.org\/{rel}","templated":true}]}}